e the highest common factor of 1979061 and 154.
7
Calculate the greatest common factor of 77528 and 873071.
881
What is the highest common factor of 961105800 and 240?
120
What is the greatest common divisor of 1698 and 39595662?
1698
Calculate the greatest common divisor of 48360 and 60587826.
2418
What is the highest common factor of 1512 and 2715300?
252
What is the highest common divisor of 65512 and 166?
2
What is the greatest common divisor of 1451838 and 96?
6
What is the highest common factor of 22534980 and 6228?
2076
Calculate the highest common factor of 2513 and 63543.
359
Calculate the greatest common divisor of 12 and 6612501.
3
Calculate the highest common divisor of 72 and 46996832.
8
Calculate the highest common factor of 436258 and 48326.
662
What is the highest common divisor of 789 and 126297?
3
What is the greatest common divisor of 2331730 and 20?
10
What is the highest common factor of 33 and 372343983?
33
What is the highest common divisor of 5140608 and 512?
128
What is the greatest common divisor of 48 and 648587112?
24
What is the greatest common factor of 1841466 and 1056?
66
Calculate the highest common factor of 1961128760 and 1480.
1480
What is the greatest common divisor of 24704 and 30304?
32
Calculate the highest common divisor of 1876 and 79088676.
268
What is the greatest common factor of 232441 and 14691808?
1921
What is the highest common divisor of 3763122 and 176?
22
Calculate the greatest common divisor of 2311 and 7011812033.
2311
What is the highest common divisor of 268 and 303739810?
134
Calculate the greatest common factor of 44530 and 470120.
730
What is the highest common divisor of 65601 and 882?
9
What is the greatest common factor of 44 and 1374541190?
22
What is the highest common factor of 824 and 11531468?
412
Calculate the greatest common factor of 1473344 and 4672.
64
What is the highest common divisor of 27800 and 7011855?
695
What is the greatest common divisor of 36872 and 12620280?
3352
What is the highest common divisor of 234 and 23528622?
78
Calculate the highest common divisor of 5264 and 1942228.
188
What is the highest common divisor of 38802 and 298151?
223
Calculate the greatest common factor of 142907514 and 1611.
537
What is the greatest common divisor of 3356 and 123220574?
1678
What is the highest common divisor of 19125 and 46300095?
765
Calculate the highest common divisor of 5015182 and 94.
94
What is the highest common factor of 670067 and 12657841?
9179
Calculate the greatest common divisor of 3342 and 6525812.
1114
What is the highest common divisor of 1357055102 and 362?
362
What is the greatest common factor of 16115114 and 3018?
1006
Calculate the greatest common factor of 21462 and 81687.
219
What is the greatest common factor of 425377 and 9?
1
What is the greatest common divisor of 1663241 and 2489?
19
What is the greatest common divisor of 39 and 1495247?
13
What is the greatest common divisor of 80268 and 72997057?
6689
Calculate the greatest common factor of 1132023 and 14436.
1203
What is the greatest common divisor of 69 and 26943879?
69
What is the greatest common factor of 40112 and 16154018?
218
Calculate the highest common factor of 106331617 and 833.
833
Calculate the greatest common factor of 104252790 and 1110.
30
Calculate the greatest common factor of 105400688 and 144.
16
What is the highest common factor of 5180 and 295785?
35
What is the highest common factor of 252989065 and 697?
41
Calculate the greatest common factor of 10 and 782242130.
10
Calculate the highest common divisor of 16115916 and 276.
276
What is the highest common divisor of 305805 and 3315135?
435
Calculate the greatest common factor of 44958986 and 326.
326
Calculate the greatest common divisor of 539 and 394524284.
539
What is the greatest common divisor of 244871 and 90513?
113
Calculate the greatest common factor of 850 and 10190.
10
Calculate the greatest common divisor of 8640200 and 392.
8
Calculate the highest common factor of 327990 and 24294.
6
What is the highest common factor of 5658820 and 45320?
2060
What is the greatest common factor of 11802 and 35994?
42
What is the highest common factor of 537600 and 183680?
4480
Calculate the greatest common divisor of 34452 and 3348972.
1188
Calculate the greatest common divisor of 124 and 97188844.
124
What is the greatest common factor of 288 and 4164273?
9
Calculate the highest common divisor of 7290 and 88164.
18
Calculate the highest common factor of 1120 and 4268040.
280
What is the greatest common divisor of 381996 and 3774762?
1458
What is the greatest common divisor of 255 and 10639977?
51
What is the greatest common factor of 6762 and 652827?
147
What is the greatest common factor of 2826 and 151974?
18
What is the highest common divisor of 5561 and 8114993?
83
Calculate the highest common factor of 539932 and 387833.
389
Calculate the highest common divisor of 28 and 449505.
7
What is the greatest common divisor of 210624 and 3054?
6
Calculate the greatest common divisor of 30952843 and 20980.
1049
Calculate the highest common factor of 44004 and 55566244.
772
What is the highest common factor of 31934804 and 484?
484
What is the greatest common factor of 9560 and 1772640?
40
Calculate the highest common divisor of 314541 and 36.
9
Calculate the greatest common factor of 4066217 and 5057.
389
Calculate the greatest common divisor of 611 and 104767.
13
What is the highest common factor of 14875 and 1746500?
875
Calculate the highest common divisor of 195461 and 2995739.
3989
What is the highest common factor of 6600 and 1635975?
825
Calculate the highest common divisor of 1415772 and 432.
108
What is the highest common factor of 22959780 and 740?
20
Calculate the greatest common divisor of 8033 and 475288511.
8033
What is the highest common divisor of 9881559 and 759?
69
Calculate the greatest common factor of 623 and 4284816.
89
What is the highest common divisor of 2859710 and 126?
14
Calculate the highest common divisor of 31037918 and 642.
214
What is the greatest common factor of 13 and 2543151?
13
Calculate the greatest common factor of 9 and 168507981.
9
What is the highest common factor of 6480996 and 15584?
1948
Calculate the highest common divisor of 82200 and 6946722.
822
Calculate the greatest common divisor of 600 and 393599775.
75
What is the highest common factor of 1776789 and 8532?
2133
What is the greatest common factor of 34541 and 123656?
13
What is the greatest common factor of 2640 and 207653820?
660
Calculate the highest common factor of 58854 and 1513476.
102
Calculate the greatest common factor of 162 and 40004892.
18
What is the greatest common divisor of 37361920 and 14450?
2890
What is the greatest common factor of 302882976 and 5346?
5346
What is the highest common factor of 1908 and 1634970924?
1908
Calculate the highest common divisor of 211104 and 2920.
8
Calculate the highest common divisor of 1804 and 2229326.
22
Calculate the highest common factor of 754 and 718127.
29
What is the highest common divisor of 9491580 and 378?
378
Calculate the highest common divisor of 1746 and 11623995.
873
What is the greatest common divisor of 6 and 1215495?
3
Calculate the greatest common divisor of 78780193 and 91596.
7633
Calculate the greatest common factor of 5607 and 165144573.
801
What is the highest common factor of 102410519 and 1019?
1019
Calculate the greatest common factor of 14656 and 148592.
16
Calculate the highest common divisor of 68 and 21150516.
68
What is the greatest common divisor of 3720 and 11289270?
930
Calculate the greatest common factor of 700427 and 208.
13
What is the greatest common factor of 55384 and 467281?
43
What is the greatest common factor of 15615 and 549477?
9
What is the highest common divisor of 188029426 and 312?
26
What is the highest common divisor of 17820 and 701745?
165
What is the greatest common divisor of 25417446 and 1036?
74
Calculate the highest common factor of 241600 and 25217.
151
Calculate the highest common divisor of 20178 and 2164651.
1121
Calculate the greatest common factor of 3845380 and 117586.
3178
What is the highest common factor of 1615404475 and 50?
25
Calculate the greatest common divisor of 460 and 508852.
92
What is th